 be z - (-3)/(2 + -5). Let m(f) = f**2 + 4*f + 1. What are the prime factors of m(i)?
2, 3
Let o(y) = 9*y**2 - y - 2. Let x be o(3). Suppose 3*q = 7*q - x. What are the prime factors of q?
19
Suppose 2*f - d = 125, 4*f + 246 = 8*f + 2*d. What are the prime factors of f?
2, 31
Let t = 112 - 66. List the prime factors of t.
2, 23
Let v be (9/6 + -1)*2. What are the prime factors of (3 - (4 - v)) + 18?
2, 3
Suppose -3*h + 68 = -h + j, -j = h - 32. What are the prime factors of h?
2, 3
Suppose 0*i + i + 10 = -a, 0 = 3*a + 15. Let h be i + 3 - 18/(-3). Suppose -h*f - 6*k + 3*k + 43 = 0, 0 = -3*f + 2*k + 45. What are the prime factors of f?
13
Let b(f) = -f**3 + 8*f**2 + f + 1. Let w(p) = p**2 + 8*p - 1. Suppose 0 = -z - 6 - 3. Let v be w(z). What are the prime factors of b(v)?
3
Suppose -2*x - x + 34 = -2*q, 4*q = 4*x - 48. Suppose -j + 5 = -2*j, -5*d = 3*j - x. What are the prime factors of d?
5
Suppose 114 = w + g, -5*w - g = -4*g - 538. List the prime factors of w.
2, 5, 11
Let i be 2/(-6)*(15 - 18). Suppose 0 = -5*w + 25 - 5. List the prime factors of 4/w + i + 1.
3
Suppose -s = -4*s + 18. Suppose -s = -0*x - 2*x. Suppose -3 = x*m - 21. What are the prime factors of m?
2, 3
Suppose 0 = -4*m - 5*c + 36, -8 = -2*m - 5*c + 10. Suppose 3*v - 2*k - 12 = -5*k, -3*k = -2*v + 8. Let t = m - v. What are the prime factors of t?
5
Suppose 5*d - 11 = 149. List the prime factors of d.
2
Let b be (2/3)/(8/120). Let g = -10 - -29. Let i = g - b. What are the prime factors of i?
3
Let j = -3 + 5. Suppose 0 = -j*v - v + 57. List the prime factors of v.
19
Let q(t) = t**2 - 7*t + 2. List the prime factors of q(8).
2, 5
Suppose 3*u = -5*f - u + 67, -4*f + 56 = 2*u. What are the prime factors of f?
3, 5
Suppose -24*u = -22*u - 212. What are the prime factors of u?
2, 53
Suppose 47 = 4*n + 11. Let t(s) = -s**3 + 10*s**2 - 8*s - 6. List the prime factors of t(n).
3
Let x(k) = 144*k - 34. What are the prime factors of x(3)?
2, 199
Suppose 3*k + 4*l - 96 = 102, l - 251 = -4*k. List the prime factors of k.
2, 31
Suppose -7*v = -213 - 39. What are the prime factors of v?
2, 3
Suppose 4*b - m - 223 = 0, -b - 4*b - 3*m = -300. What are the prime factors of b?
3, 19
Let a be 8/28 - 86/7. Suppose -3*q + 116 = -9*i + 4*i, 2*i + 168 = 5*q. What are the prime factors of (-18)/a*q/6?
2
Let k = 0 + -3. What are the prime factors of (-106)/(-4) - k/2?
2, 7
Let a = 61 - -58. What are the prime factors of a?
7, 17
Let w(r) = -r - 3. Let k be w(-5). Let z be 141/12 + 4/16. Suppose -k*b + z = 2*b. What are the prime factors of b?
3
Let z = 54 - 1. What are the prime factors of z?
53
Let g(u) be the first derivative of u**2/2 + 6*u + 2. Let w be g(-5). Suppose w = 4*d - 11. List the prime factors of d.
3
Let h(c) = c**2 + 4*c + 3. Let s be h(-4). Suppose -4*g + 13 = -s*g. List the prime factors of g.
13
Suppose 0 + 5 = -3*i - 2*g, 4*g - 23 = 5*i. Let j be 9/(-6)*4/i. Suppose -j*u - 18 = -4*u. What are the prime factors of u?
3
Let c(k) = k. Let g be c(0). Let f(r) = -6*r + 4*r**2 + 3*r**3 + g*r**2 - 2*r**3 - 6. List the prime factors of f(-4).
2, 3
Suppose g = -5*a + 17, -4*g + 0*a + 45 = -3*a. List the prime factors of g.
2, 3
Let w(b) = -b**3 - 10*b**2 - 3*b - 1. Let m be w(-9). Let u = -38 - m. What are the prime factors of u?
17
Suppose -87 = -9*c + 210. What are the prime factors of c?
3, 11
Suppose -304 = -4*y + 4*r, -y = -5*y + 5*r + 307. What are the prime factors of y?
73
Suppose -195 - 100 = -3*h + 4*m, -92 = -h - 5*m. What are the prime factors of h?
97
Suppose 5*v - 2*i = -4, 5*v - 4*i + 1 = 3. List the prime factors of v/(1*2/(-2)).
2
Let l(y) = y**3 - 13*y**2 + 15*y - 6. List the prime factors of l(12).
2, 3, 5
Let z(l) = -l**3 - 6*l**2 + 7*l + 5. Suppose -2*j + 4 + 0 = 0. Let r be (-4 + j)*35/10. List the prime factors of z(r).
5
Let j = -23 - -26. List the prime factors of j.
3
Let u be (2 - (-3)/(-2))*10. Suppose 0 = 2*q + u*v - 13, 0*q + 4*v = 2*q - 4. Suppose -4*i - q + 76 = 0. List the prime factors of i.
2, 3
Let i(r) = r - 2. Let u be i(7). Suppose x - g - u = -5*g, 10 = 2*x - 3*g. List the prime factors of x.
5
What are the prime factors of ((-25935)/14)/(-13)*12/10?
3, 19
Suppose 4*h - 512 = 2*h. What are the prime factors of 3/(-2)*h/(-24)?
2
Let w = 103 - 46. What are the prime factors of w?
3, 19
Let n = -69 + 117. List the prime factors of 656/n*(1 - -2).
41
Suppose 4*c + 2*l = 6*l + 264, 5*l = 2*c - 138. What are the prime factors of c?
2
Let i = 1 - 1. Suppose 4*f - 220 = -i*f. Suppose 0*d = -3*d + 2*p + 35, -2*p = 3*d - f. List the prime factors of d.
3, 5
Let a(k) = 3*k**2 + 14*k + 28. List the prime factors of a(-8).
2, 3
Let t = -9 - -7. Let j be (18/15)/t*-45. Suppose 5*q - j = -2*r, 4*r - q = q + 42. List the prime factors of r.
11
Suppose 0 = 3*v + 3*b + 21, 2*b + b = 4*v. List the prime factors of (-11 + -2 + 4)*v.
3
Let o(d) = -7*d**2 - 6. Let l(k) = -20*k**2 - k - 17. Let v(p) = 6*l(p) - 17*o(p). List the prime factors of v(-3).
3
Let c = -8 + 7. Let z(g) = g. Let t(r) = 3*r + 3. Let v(u) = c*t(u) + 2*z(u). What are the prime factors of v(-5)?
2
Suppose 0 = -4*d + 3*l + 56, -5*l - 43 + 12 = -3*d. What are the prime factors of d?
17
Let q = 1 + -11. Let s(m) = -m**2 + 6. Let g be s(5). Let l = q - g. List the prime factors of l.
3
Suppose 0 = -4*l + 3*a - 106, 0 = -4*l - 5*a - 140 + 18. Let d = -2 - l. List the prime factors of d.
2, 13
Let b be 2 - (3 + (-290)/2). Suppose -2*x = -5*s - 88, 4*x + 28 = -5*s + b. List the prime factors of x.
2, 17
Let u(a) = -33*a + 36. What are the prime factors of u(-4)?
2, 3, 7
Suppose -12 = -2*f - 6. List the prime factors of f/(-6) + 155/10.
3, 5
Let j(u) = -u - 3. Let h be j(-3). Suppose -k = -4*l + 151, h = -2*l - 0*l + 4*k + 72. List the prime factors of l.
2, 19
Suppose 2*g - 23 = -2*f + 27, -f - 2*g + 23 = 0. List the prime factors of f.
3
Let b(r) be the first derivative of -r**3/3 - r**2/2 + 40*r - 3. Let z be b(0). Suppose -2*w + z = 2*w. What are the prime factors of w?
2, 5
Suppose 0*r = -3*d - r - 6, -5*d - r = 10. Let z = d + 7. Suppose -z*a = b - 60, -43 = -4*a + a - 2*b. List the prime factors of a.
11
Let l(a) = a**3 - 5*a**2 - 2*a + 1. What are the prime factors of l(6)?
5
Let i(f) = -101*f - 1. Let r be i(-1). Suppose -z + r = 3*z. Suppose m - 7 = -4*n + 5*n, n + z = 3*m. List the prime factors of m.
3
Suppose 2*j + 1100 = 7*j. Let u be 2/(-9) - j/(-18). List the prime factors of (-2)/(-4)*u*2.
2, 3
Let l = 25 + -37. Let u = -2 - -6. List the prime factors of (-3)/l + 39/u.
2, 5
Let m(z) = -z**2 - 13*z + 5. Let l be m(-6). Let v = l + -32. What are the prime factors of v?
3, 5
Suppose -506 - 78 = -4*q. List the prime factors of q.
2, 73
Suppose 0 = n - 3*n + 14. Let t(o) = o**2 - 7*o + 2. What are the prime factors of t(n)?
2
Let i(p) = 4*p**2 + 7*p - 7. List the prime factors of i(-6).
5, 19
Let m(q) = -q**2 - 6*q - 2. Let g be m(-6). Suppose -1 + 91 = 3*y. What are the prime factors of ((-1)/g)/(3/y)?
5
Let b = 7 - 3. Suppose -6 = b*z - 22. Suppose -2*s - z = -20. What are the prime factors of s?
2
Let n = 0 - -4. Let p(v) = -4 - n + 3*v + 6 + v. What are the prime factors of p(5)?
2, 3
Let f(c) = 5*c**3 + c**2 - 2. Let x(v) = 6*v**3 - v - 3. Let g(p) = 5*f(p) - 4*x(p). Let b be g(-2). What are the prime factors of 58/b + (-10)/15?
3
Let t = 118 + -32. List the prime factors of t.
2, 43
Let c(s) = s**2 + s - 1. Let f(a) = 7*a**2 + 13*a - 3. Let y(j) = -6*c(j) + f(j). Let m be y(-5). Let b(o) = -o. List the prime factors of b(m).
7
Let c be 4/14 + 60/(-14). List the prime factors of 4/(-8) - 46/c.
11
Suppose 1 = 5*o - 4, c + 2*o = -2. Let j = c + 5. Let s(u) = 7*u**2. List the prime factors of s(j).
7
Suppose 0*n - 2*n - 27 = -a, -132 = -4*a - 4*n. Let c = a - -1. What are the prime factors of c?
2
Let u(x) = x - 8 + 2*x - x + 0. List the prime factors of u(6).
2
Suppose -6*o + 4*o + 3*z = 10, -2*z + 7 = -o. Suppose 0 = 3*h + 14 + o. Let c(d) = -3*d - 1. List the prime factors of c(h).
2, 7
Let o = -6 - -8. List the prime factors of (1 - -1)*15/o.
3, 5
Let q(w) = -w**2 - 13 + 2*w**2 - 5*w + 6. Let s be q(6). Let y(f) = -4*f**3 + f**2 + f + 1. List the prime factors of y(s).
5
Suppose c - 4*g - 246 = 0, -g + 1001 = -3*c + 7*c. List the prime factors of c.
2, 5
Let w(z) be the third deriva